st the prime factors of z.
2, 3
Let t be -57*(-2 - 0)*(-4)/(-24). Let v(k) = 36*k + 15. Let g be v(t). Suppose l + 291 = 3*l + 5*j, 0 = -5*l - 3*j + g. List the prime factors of l.
2, 3, 23
Let c = -60146 + 116337. What are the prime factors of c?
83, 677
Let n = 11469 + -3485. Suppose 17*d = n - 674. List the prime factors of d.
2, 5, 43
Let c = -46 + 61. What are the prime factors of c/(3 - 6) - -309?
2, 19
Let j = 10651 - 5471. List the prime factors of j.
2, 5, 7, 37
Suppose n - 2*n + 13232 = 2*k, 2*k = -3*n + 13240. List the prime factors of k.
2, 3307
Let m = -47030 + 66817. What are the prime factors of m?
47, 421
Suppose 0 = 2*g - 1 + 9. Let w(d) = -d**3 - 11*d**2 - 4*d + 16. Let b be w(-4). What are the prime factors of (66/g)/(6/b)?
2, 5, 11
Suppose 3*x - 30881 = -2*x + 4*q, 2*q = -3*x + 18533. Suppose -3*y + 2*w + x = 2*y, -5*y - 5*w = -6205. What are the prime factors of y?
1237
Suppose 236*s + 2358 = 242*s. Let a = s - 376. What are the prime factors of a?
17
Let m(b) = b - 19. Let a be m(-3). Let i = -98 - a. Let n = 33 - i. What are the prime factors of n?
109
Let c(o) = 17*o**2 - 34*o - 188. Let n be c(-8). Suppose -3*s - 2238 = -3*y, -n - 324 = -2*y + 4*s. List the prime factors of y.
2, 3, 31
Let i = -3499 - -3592. What are the prime factors of i?
3, 31
Let u(n) = n**3 - 11*n**2 + 13*n - 117. Let p be u(14). What are the prime factors of (7 + 13/(52/(-24)))*p?
653
Suppose 13*q - 48815 - 19084 = 0. What are the prime factors of q?
3, 1741
Let o(l) = 963*l**2 - 25*l + 148. What are the prime factors of o(6)?
2, 17333
Suppose 87241 = -52*b + 138016 + 1209705. What are the prime factors of b?
2, 3, 5, 101
Let r = -2388 + 4188. Let p = r + -1253. List the prime factors of p.
547
Let i(b) = b**3 + 14*b**2 - 15*b + 44. Let p be i(-15). Suppose 0 = 2*z - 10, l = -z + 5*z + 9. Let t = p + l. What are the prime factors of t?
73
Suppose 61*u = -13099 + 950913. List the prime factors of u.
2, 7687
Let q be (4 - 30/8)/((-1)/(-8)). Let o be (-96)/(q - -2)*2/(-3). Suppose o*u - 1761 = -545. What are the prime factors of u?
2, 19
Let z = -17528 - -25591. List the prime factors of z.
11, 733
Let u(o) be the first derivative of -o**3/3 - 10*o**2 + 85*o + 45. What are the prime factors of u(-19)?
2, 13
Suppose -412*r + 16 = -414*r, -85199 = -3*i + 4*r. List the prime factors of i.
3, 9463
Suppose 32 = -4*r + 4*x, -r - 2*r = -5*x + 20. List the prime factors of 2/r - ((-5904)/20 - 4).
13, 23
List the prime factors of (712/6)/(40/2640) + -7.
5, 313
Suppose 118*w = -w - 41*w + 1340320. List the prime factors of w.
8377
Let o = -58 - -58. Suppose -7 = d - 2*h - 3, o = h - 3. Suppose -4*v + 319 = -b - 4*b, -d*b - 420 = -5*v. What are the prime factors of v?
2, 43
Let y = 82730 + -41675. List the prime factors of y.
3, 5, 7, 17, 23
Let b = 1470 + -766. What are the prime factors of b + -5 + (5 - 8)?
2, 3, 29
Suppose -2823 = -5*y + 3*d, 2264 = 4*y + 2*d - 3*d. Let u = 924 - y. What are the prime factors of u?
3, 7, 17
Suppose 8*v - 4*v = -3*y + 59345, -4*y = 4*v - 59348. List the prime factors of v.
2, 7417
Let r = 18563 + -10020. What are the prime factors of r?
8543
List the prime factors of 32/48 + (4940716/6)/11.
2, 5, 19, 197
Suppose 20*j - 19*j = 2*o - 71865, 0 = 3*o + 2*j - 107773. What are the prime factors of o?
19, 31, 61
Let z = 61 + -58. Suppose -5*v + 26 = -p, -30 = 5*p + z*v - 8*v. Let f(x) = -98*x - 2. List the prime factors of f(p).
2, 3
Let r be -5 + 1 - (-1 + -3). Let x(n) = -10 + r + n + 4*n + 6*n. List the prime factors of x(7).
67
Suppose 0 = 3*a - 15, a = 2*h + 483 - 2618. List the prime factors of h.
2, 5, 107
Let o(p) = -39*p - 73. Let h be o(13). Let x = -301 - h. What are the prime factors of x?
3, 31
Let k be (-4 - -3538) + (3 - 11). Suppose -12*f + k = -10838. What are the prime factors of f?
3, 7, 19
Let v(n) = 49 - n**2 - 24*n + 4 + 33*n + 9*n. Let p = -11 + 24. List the prime factors of v(p).
2, 59
Let o be ((-30)/(-9))/10 - 5188/(-6). Let j = o + -286. List the prime factors of j.
3, 193
Let g(i) = 45*i - 215. Suppose 51 = 2171*n - 2168*n. List the prime factors of g(n).
2, 5, 11
Let p(v) = 42*v**2 + 411*v + 30. What are the prime factors of p(-21)?
3, 3307
Let k = -477 - -488. Suppose -k*v = -8290 - 2765. What are the prime factors of v?
3, 5, 67
Let a(l) = 10 + 4 - 2*l - 2 + 7. Let q be a(17). What are the prime factors of (((-280)/q)/(-2))/(2/(-12))?
2, 7
Suppose -8*t + 15 = -17. Let q be (0/((-8)/t))/(-1). Suppose 4*z - 4*s + 3*s - 312 = q, -s = -4. List the prime factors of z.
79
Suppose -2*l = -6, a = -12*l + 13*l + 6351. Suppose -a = -4*n - 5*n. What are the prime factors of n?
2, 353
Let k(a) = 69 + 51 + 20*a - 21*a - 35*a. List the prime factors of k(-7).
2, 3, 31
Let o(w) = 6*w + 3. Let x(j) = -j**2 + 16*j - 26. Let g be x(8). Suppose -2*l = 10 - g. List the prime factors of o(l).
3, 29
Suppose -233*u + 31171716 = 301*u. What are the prime factors of u?
2, 3, 23, 47
Let l(h) = 15*h**2 - 11*h - 5. Let c = -404 + 400. What are the prime factors of l(c)?
3, 31
Suppose -4*o = -4*k + 244, -2*k + 4*o - 1 = -131. Suppose -186 = -3*g - k. What are the prime factors of g?
43
Suppose -2222 = 4*u + 2*z, -6*u + 3*z = -3*u + 1671. Let w = 229 - u. What are the prime factors of w?
5, 157
Let q(x) = -126*x + 2825. List the prime factors of q(-64).
10889
Suppose 4*n = 20, 4*a + 18 = 4*n + 2. Let g(b) = -8 - 11 - 43*b + a. What are the prime factors of g(-5)?
197
Let u be (3 - 2)*(-28)/(-4). Suppose u*d = 2*d. Let j = d - -29. List the prime factors of j.
29
Let b(l) = 1787*l + 2218. What are the prime factors of b(5)?
19, 587
Suppose 4*c - 2839 - 1561 = -4*c. List the prime factors of c.
2, 5, 11
Let l(t) = 2*t**2 + 7*t - 7. Let x be l(-4). List the prime factors of x/2 + 1 - (-5615)/10.
3, 11, 17
Let o(s) = 25*s**3 - 26*s**2 + 245*s + 10. What are the prime factors of o(12)?
2, 7, 13, 233
Suppose 2648192 = -113*g + 9575318. What are the prime factors of g?
2, 3, 17, 601
Suppose -4*c = 3*w - w + 88, -108 = 3*w - 2*c. Suppose -5*t = -4*p + 51, -4*p + 57 = -2*t + 15. What are the prime factors of 1*(p - 5)*w/(-4)?
2, 19
Let z(h) = 8*h - 13. Let r be z(2). Suppose 0 = -2*j + 5*u - r*u + 2442, 0 = 2*j + 5*u - 2463. Suppose -96 = -10*y + j. What are the prime factors of y?
2, 3, 11
Suppose -59*h = -82*h + 101729. List the prime factors of h.
4423
Suppose -p = 4*m + 1114 - 8854, 5*p = m + 38784. List the prime factors of p.
2, 7, 277
Let q = -59 + 62. Suppose -1050 = -5*d + 5*f, -3*d - q*f = -605 - 49. What are the prime factors of d?
2, 107
Suppose 3*a - 10 = a. Suppose l - 4*i = 11 - 38, -3*l - 115 = a*i. Let u = -28 - l. List the prime factors of u.
7
Let v be -18 - -21 - (0 - 1). Suppose 0 = m + 2*z - 196, -v*m - z - 3*z = -792. Suppose 126*s - 128*s + m = 0. List the prime factors of s.
2, 5
Let l(m) = 3*m - 3. Let r be l(2). Let a be (21/(-6) - (-5)/10) + 7. Suppose 4*x - a*v - 114 = 2*x, 223 = 4*x - r*v. What are the prime factors of x?
5, 11
Suppose 605*p + 70592 = 621*p. List the prime factors of p.
2, 1103
Let n(z) = 15614*z + 95. What are the prime factors of n(1)?
23, 683
Suppose -5*f = 2*q - 56506, q - 91*f - 28251 = -94*f. What are the prime factors of q?
3, 9421
Let x = 172 + -190. What are the prime factors of (x/5)/(2/(10*-5))?
2, 3, 5
Suppose -51*o + 54*o = -3*s + 40974, 5*o + 2*s = 68278. List the prime factors of o.
2, 6827
Let z = -2423 + 3782. List the prime factors of z.
3, 151
Let t = -107 - -110. Suppose 160 = -o + 3*o - 4*w, 0 = -o - t*w + 95. List the prime factors of o.
2, 43
Let n = 1 - 44. Let y be -2 + 4 + -1 - (n + 7). Let p = y - 3. What are the prime factors of p?
2, 17
Suppose 38 = -30*k - 52. List the prime factors of k/(7/(-3556)*6).
2, 127
Suppose 31*i + 76195 = -4*i + 616630. List the prime factors of i.
3, 5147
Suppose y - 1 - 9 = 0. Suppose 272 = y*z - 408. List the prime factors of z.
2, 17
Suppose y + 8*x = 3*x + 32665, 0 = -4*y - 18*x + 130654. What are the prime factors of y?
2, 5, 653
Let i(j) be the first derivative of 7*j**3/3 + 9*j**2 + 38*j + 62. What are the prime factors of i(6)?
2, 199
Suppose 3*n = a - 7, -a - 2*a = 3*n + 27. Let r be 976/40 + n/10. Let x = 48 + r. List the prime factors of x.
2, 3
Let b(j) = -7*j + 2. Let g be (5/2 - 3)/((-3)/(-6)). Let z be b(g). Suppose 